 4*n**2 + 82*n + 80. Let w be a(-1). Determine p(w).
-22
Let h(i) be the third derivative of i**6/30 + i**4/24 - 22*i**3/3 - 4*i**2 + 15. Let s(o) be the first derivative of h(o). What is s(-1)?
13
Let j(r) = -31*r - 4. Let o(g) = g**2 - 63*g - 1261. Let y be o(-16). Give j(y).
-97
Let t(h) be the third derivative of -h**6/120 + 7*h**5/30 - 11*h**4/24 - 5*h**3/2 - 649*h**2. Calculate t(13).
11
Suppose b + 4*j - 6*j - 179 = 0, -4*j - 187 = -b. Let p be -2 + (-1)/(-7) + b/(-21). Let n(o) be the first derivative of -o**2 - 11*o + 2. Give n(p).
9
Let a(l) = l - 6. Suppose -3*t + 1120 = 4*t. Let o = t - 160. Give a(o).
-6
Let x(f) = -2*f**3 - 12*f**2 - 10*f + 9. Let b be x(-5). Let r(l) be the first derivative of 3/2*l**2 + b + 1/3*l**3 - 3*l. Give r(-5).
7
Let y(m) = -5*m**3 + 4*m**2 + 5*m + 1. Let i(p) = 2*p**3 - p**2 - 2*p. Let z(t) = -8*i(t) - 3*y(t). Suppose 3*g - 54 - 42 = 0. Let n = -37 + g. Determine z(n).
17
Let l(x) be the third derivative of x**5/30 + 21*x**4/8 + 31*x**3/2 + 1535*x**2. Calculate l(-30).
3
Let m = 69 + -64. Suppose -5*y = -2*j + 16, 0*j - y = -m*j + 17. Let k(c) = -c + 484 - 484. Calculate k(j).
-3
Let r = 11066 - 11065. Let x(y) = 22*y - 21. Give x(r).
1
Let v(j) = 6*j - 80. Let k be v(13). Let y(g) = 9*g + 1. Let o(m) = 4*m + 1. Let d(x) = -7*o(x) + 3*y(x). Give d(k).
-2
Suppose t + 128 = 8*t - 39*t. Let c(p) = 4*p**2 + 2*p + 13. Give c(t).
69
Let j(m) = m**2 - 776*m**3 + 524*m**3 + 255*m**3 - 4. Calculate j(-2).
-24
Let b = -29 - -31. Let c(o) = -4*o**2 + 6*o - 1. Let z be c(b). Let u(d) = -2 + 3 - 6*d - 8 + 4*d. Determine u(z).
3
Let x(u) be the third derivative of -u**6/360 + u**5/60 - u**4/24 - 17*u**3/2 + 5*u**2. Let l(o) be the first derivative of x(o). What is l(1)?
0
Suppose -60 + 25 = -o - t, 81 = 3*o - 5*t. Let i(p) = -3*p**2 + 96*p + 3. Determine i(o).
3
Let i = -6094 + 6084. Let s(m) = -m**3 - 7*m**2 + 25*m - 51. Determine s(i).
-1
Let t be (12 + 156/(-18) + 6)*12/7. Let n(w) = -w**3 + 17*w**2 - 13*w - 45. What is n(t)?
3
Let b(f) = f - 2. Let r(j) = -3*j**2 + 15. Let z(v) = -4*b(v) - r(v). Determine z(4).
25
Let u(a) = -2*a**3 + 50*a**2 - 43*a - 118. Let v = -329 + 353. Determine u(v).
2
Let u(z) = 2*z + 10. Suppose -3*b = 2*g + 184 - 218, -4*b = -5*g + 16. Determine u(g).
26
Let i(y) = -614*y - 125. Let m(h) = 69*h + 13. Let v(b) = 2*i(b) + 19*m(b). Calculate v(2).
163
Let u(p) = 19*p**2 - 3*p - 13. Let h(q) = -12*q**2 + 2*q + 8. Suppose -607 = -4*l - 587. Let b(f) = l*u(f) + 8*h(f). What is b(3)?
-7
Let j(q) = -q**3 + 38 + 4*q**2 + 35 + 0*q - 72 + q. Suppose -s + 4*n = -n - 25, 0 = s + n + 5. Suppose -3*r + 2*x + 12 = 6*x, s = 3*r + x - 12. Determine j(r).
5
Let k(t) = 21*t + 56292 - 56288 + 7*t**2 - 8*t**2. Calculate k(0).
4
Let r(c) = -c**3 + 3*c**2 + c. Let t = 265 + -208. Suppose 33*z + t = 52*z. Give r(z).
3
Let m(q) = -5*q + q**3 - 244*q**2 - 244*q**2 + 484*q**2 - 3. Let z = -61 - -63. Suppose -3*u = -4*t - 27, 0 = z*u - 9*t + 4*t - 25. What is m(u)?
-3
Let h = 316 - 314. Let x(z) = 51*z**2 - 14*z - 50*z**h + 5 + 20*z. Calculate x(-3).
-4
Let m(b) be the second derivative of -b**5/20 - 3*b**4/2 - b**3/3 - 41*b**2/2 - 56*b - 47. Calculate m(-18).
-5
Let j(b) = 507*b**2 + 5 - 974*b**2 + 463*b**2 + 2*b + b**3. Let i = 10 - 6. Give j(i).
13
Let o(p) = 15*p**3 + 13*p**2 + 31*p + 18. Let y(z) = 3*z**3 + 2*z**2 + 6*z + 4. Let i(b) = -2*o(b) + 11*y(b). Determine i(4).
152
Let z(q) = q**2 - 3*q + 5. Suppose 0 = -19*s - 2*s - 9240. Let f = -436 - s. Determine z(f).
9
Let y(l) = -240*l + 130 - 54 - 65 + 6*l**2. Calculate y(40).
11
Suppose i + 4 = 4*b - 11, 0 = 2*b - 2. Let a(x) = 15 - 3*x - 15*x + x + 11*x + 7*x. Give a(i).
4
Let q be ((-4)/(-4))/((-6)/(-12)). Let j(f) = -117*f**2 + 14 + 117*f**2 - f**3 - 12. Give j(q).
-6
Suppose 0 = -k - 5. Let q(a) = -a**2 - 116*a - 6 - 62*a + 174*a + 0. Calculate q(k).
-11
Let h(t) = 162*t - 40*t - 25*t + t**2 - 59*t - 31*t + 2. Let y(k) = -k**2 - 2*k + 1. Let b be y(-4). Give h(b).
2
Let y(c) be the second derivative of c**3/3 - 11*c**2/2 - 52*c + 8. Let x(t) = t - 2. Let k be x(2). Give y(k).
-11
Suppose 6836*j + 148 = 6799*j. Let f(n) = -36*n - 123. What is f(j)?
21
Suppose -4*v - w = -97, -21*v - 4*w = -20*v - 28. Let f(j) be the first derivative of -1/2*j**2 - v*j - 1/3*j**3 - 32. What is f(0)?
-24
Let f(s) = -201*s**2 - 33*s - 68. Let w(i) = -71*i**2 - 11*i - 23. Let u(r) = 6*f(r) - 17*w(r). Determine u(-2).
9
Let l(b) = -282*b - 7. Let h(q) = 205*q + 5. Let r(o) = 11*h(o) + 8*l(o). What is r(-4)?
3
Suppose -4*y = 2*z + 258, -5*y - 6*z - 320 = -4*z. Let t = y + 56. Let o(h) = -h**2 - 5*h. Calculate o(t).
-6
Let q(r) = -r**2 - 42*r - 8. Let w be 0*((-285)/76)/(-15). Calculate q(w).
-8
Let v(r) be the second derivative of -r**5/20 - r**4/12 - 5*r**3/6 - 3*r**2 + 3978*r. What is v(-1)?
-1
Let c = -237 + 232. Let s(r) = -4*r**2 + 3*r - 8. Let d(u) = -8*u**2 + 5*u - 13. Let n(o) = c*s(o) + 3*d(o). Calculate n(1).
-3
Let i(j) = 2*j**3 + 3*j**2 + 2*j - 7. Let s(n) = 3*n**3 + 3*n**2 + n - 7. Let m(u) = -4*i(u) + 3*s(u). Let b(z) = 10998*z + 54994. Let q be b(-5). What is m(q)?
3
Let v be (-1968)/(-480) + (-1)/10. Let a(o) = 4*o + 9. Calculate a(v).
25
Let q = -26 + 48. Let m be 2/3 - q/6. Let l(z) = 3*z + 10. Let s(y) = -4*y - 10. Let k(p) = m*l(p) - 2*s(p). What is k(0)?
-10
Let v be (4/3)/((-5)/(-30)*-4). Let a(w) = w**3 + 5*w**2 + 3*w - 4. Let h be a(v). Let o(s) = 5*s**3 - s**2 - 2*s. What is o(h)?
32
Suppose 172*f + 70589 - 69729 = 0. Let u(d) = 5*d - 3 - 3*d + 3*d - 4*d**2 - d**3. Determine u(f).
-3
Let g(a) = -6*a**2 + 24*a - 1. Let z be g(3). Let r(i) = -3*i + z*i**2 + i + 25*i**3 + 10 - 24*i**3 + 6*i - 10*i**2. Determine r(-6).
22
Let i(u) = u**3 - 93*u**2 - 188*u - 178. Let s be i(95). Let r(t) = t**2 - 6*t - 78. Determine r(s).
-6
Let q(m) = 14*m - 2. Suppose -208*o = -211*o + 60. Suppose 16*k = o*k + 8. Determine q(k).
-30
Let n(q) = 2*q + 42. Suppose g = 3*h + 5*g + 79, g = -3*h - 67. Let z be n(h). Let i(a) = a**2 - a + 26. Give i(z).
26
Let f(x) = -44*x - 359. Let j be f(-8). Let q(y) = -11 - 6*y + 22 + 4*y - 17. What is q(j)?
8
Let p(y) = -79*y**3 - 34*y**2 + 8*y + 29. Let q(h) = 29*h**3 + 11*h**2 - 3*h - 11. Let g(j) = 4*p(j) + 11*q(j). Calculate g(5).
-10
Let v(o) = -16 + 5 - 2*o + 5*o + 6*o - 2*o**2. Let u = -37 + 42. Give v(u).
-16
Let w be (2 - 6) + (-1 - 9*-1). Let x(b) = -b**2 + b + 7. Let g be x(w). Let j(l) = -l**2 - 3*l - 1. Calculate j(g).
-11
Let j(v) be the second derivative of v**4/12 - 2*v**3/3 + 3*v**2 - 35*v + 17. Calculate j(6).
18
Suppose -45*o = -700 + 250. Let f(k) = 0*k**2 - 52 + 14*k - k**2 + 52 - o*k. Calculate f(3).
3
Let u(s) = -s**3 - 6*s**2 - 12*s - 21. Let c(y) = 2*y**3 + 10*y**2 + 23*y + 40. Let p(m) = -3*c(m) - 7*u(m). Determine p(-11).
-17
Let n = 47 - 50. Let t(y) be the first derivative of -y**4/4 - y**3 + y**2/2 - 2*y - 534. Determine t(n).
-5
Let k(v) = -2*v + 2. Suppose -5*u + 218 = -627. Let c(g) = -1 - 339*g + 171*g + u*g. Let d(a) = -4*c(a) - k(a). Give d(-3).
8
Suppose -4*l + f + 21 = 0, 3*l = 8*l - 4*f - 40. Let g(b) = -3 + 10*b**2 - 4 + 4 - b**3 - l - 7*b. Suppose -4*w + 29 = -7. Give g(w).
11
Let v(q) = -4*q**2 + 26*q - 10. Let g = 5163 + -5158. Determine v(g).
20
Let c(q) = -4*q + 73017237 + 5*q - 2*q - 73017229. Suppose -r + 0*r + 6 = 0. Calculate c(r).
2
Let k(u) = 101*u**3 + 3*u**2 - 24*u - 1. Let m(j) = 101*j**3 + 4*j**2 - 32*j - 1. Let d(l) = 4*k(l) - 3*m(l). Give d(1).
100
Let d(z) be the second derivative of -19*z**3/6 + 359*z**2/2 + 5108*z. Give d(19).
-2
Let n(c) = 36*c - 63. Let o(h) = -h + 5. Let y(f) = -n(f) - o(f). Give y(3).
-47
Let l be 32/6 - 108/(-162). Let x(m) = -2*m**3 + 13*m**2 - 14*m + 49. Calculate x(l).
1
Suppose -3*l = -a - 10, 28 = 3*a + a + 5*l. Let c(w) = 288*w**a - 295*w**2 - 4 + 0 - w**3 + 5*w + 2*w**3. Let k = 1 + 5. Give c(k).
-10
Let k = 28858 + -28867. Let l(d) = -14*d + 36. Let h(j) = -5*j + 12. Let y(g) = 11*h(g) - 4*l(g). What is y(k)?
-21
Let l(v) = v**2 + 4*v - 13. Let u = 11707 - 11713. What is l(u)?
-1
Let p(b) be the third derivative of -b**4/8 - b**3/6 - b**2. Let j = 227 - 237. Let y be (72/20 - (-2 - -6))*j. Give p(y).
-13
Let d(s) = -s**2 - 7*s + 5. Let v(c) = -c**3 + 13*c**2 + 3*c - 32. Let o be v(13). Suppose -o*b + 32 = -45. Let q = b + -17. Give d(q).
11
Let z(